{"id":2948,"date":"2022-07-21T10:37:41","date_gmt":"2022-07-21T10:37:41","guid":{"rendered":"https:\/\/www.mahurumaori.com\/?page_id=2948"},"modified":"2024-08-16T01:11:57","modified_gmt":"2024-08-16T01:11:57","slug":"me-rongo","status":"publish","type":"page","link":"https:\/\/www.mahurumaori.com\/mao\/me-rongo\/","title":{"rendered":"Me Rongo"},"content":{"rendered":"<div data-elementor-type=\"wp-page\" data-elementor-id=\"2948\" class=\"elementor elementor-2948\" data-elementor-post-type=\"page\">\n\t\t\t\t\t\t<section class=\"elementor-section elementor-top-section elementor-element elementor-element-4ec2fcf elementor-section-boxed elementor-section-height-default elementor-section-height-default\" data-id=\"4ec2fcf\" data-element_type=\"section\" data-e-type=\"section\">\n\t\t\t\t\t\t<div class=\"elementor-container elementor-column-gap-default\">\n\t\t\t\t\t<div class=\"elementor-column elementor-col-100 elementor-top-column elementor-element elementor-element-f6b70d6\" data-id=\"f6b70d6\" data-element_type=\"column\" data-e-type=\"column\">\n\t\t\t<div class=\"elementor-widget-wrap elementor-element-populated\">\n\t\t\t\t\t\t<div class=\"elementor-element elementor-element-b1d34b4 elementor-widget elementor-widget-heading\" data-id=\"b1d34b4\" data-element_type=\"widget\" data-e-type=\"widget\" data-no-translation=\"\" data-widget_type=\"heading.default\">\n\t\t\t\t<div class=\"elementor-widget-container\">\n\t\t\t\t\t<h2 class=\"elementor-heading-title elementor-size-default\">Me Rongo<\/h2>\t\t\t\t<\/div>\n\t\t\t\t<\/div>\n\t\t\t\t<div class=\"elementor-element elementor-element-88d159a elementor-widget elementor-widget-heading\" data-id=\"88d159a\" data-element_type=\"widget\" data-e-type=\"widget\" data-no-translation=\"\" data-widget_type=\"heading.default\">\n\t\t\t\t<div class=\"elementor-widget-container\">\n\t\t\t\t\t<style>.elementor-element-88d159a{display:none !important}<\/style>\t\t\t\t<\/div>\n\t\t\t\t<\/div>\n\t\t\t\t\t<\/div>\n\t\t<\/div>\n\t\t\t\t\t<\/div>\n\t\t<\/section>\n\t\t\t\t<section class=\"elementor-section elementor-top-section elementor-element elementor-element-25ecc135 elementor-section-boxed elementor-section-height-default elementor-section-height-default\" data-id=\"25ecc135\" data-element_type=\"section\" data-e-type=\"section\">\n\t\t\t\t\t\t<div class=\"elementor-container elementor-column-gap-default\">\n\t\t\t\t\t<div class=\"elementor-column elementor-col-100 elementor-top-column elementor-element elementor-element-71cde7e2\" data-id=\"71cde7e2\" data-element_type=\"column\" data-e-type=\"column\">\n\t\t\t<div class=\"elementor-widget-wrap elementor-element-populated\">\n\t\t\t\t\t\t<div class=\"elementor-element elementor-element-1ef3613f elementor-widget elementor-widget-accordion\" data-id=\"1ef3613f\" data-element_type=\"widget\" data-e-type=\"widget\" data-widget_type=\"accordion.default\">\n\t\t\t\t<div class=\"elementor-widget-container\">\n\t\t\t\t\t\t\t<div class=\"elementor-accordion\">\n\t\t\t\t\t\t\t<div class=\"elementor-accordion-item\">\n\t\t\t\t\t<div id=\"elementor-tab-title-5191\" class=\"elementor-tab-title\" data-tab=\"1\" role=\"button\" aria-controls=\"elementor-tab-content-5191\" aria-expanded=\"false\">\n\t\t\t\t\t\t\t\t\t\t\t\t\t<span class=\"elementor-accordion-icon elementor-accordion-icon-left\" aria-hidden=\"true\">\n\t\t\t\t\t\t\t\t\t\t\t\t\t\t\t<span class=\"elementor-accordion-icon-closed\"><i class=\"fas fa-caret-square-down\"><\/i><\/span>\n\t\t\t\t\t\t\t\t<span class=\"elementor-accordion-icon-opened\"><i class=\"fas fa-caret-square-up\"><\/i><\/span>\n\t\t\t\t\t\t\t\t\t\t\t\t\t\t<\/span>\n\t\t\t\t\t\t\t\t\t\t\t\t<a class=\"elementor-accordion-title\" tabindex=\"0\">Waiata | Sing<\/a>\n\t\t\t\t\t<\/div>\n\t\t\t\t\t<div id=\"elementor-tab-content-5191\" class=\"elementor-tab-content elementor-clearfix\" data-tab=\"1\" role=\"region\" aria-labelledby=\"elementor-tab-title-5191\"><ul><li>Learn and sing the\u00a0<strong><a href=\"https:\/\/purarangi.twoa.ac.nz\/?fbclid=IwAR1LZ9u-KusBwdNvhUJF0g0aBV4DSne_AJ0-f-W0A2v3BgWDWhrOSQ52Q88\" target=\"_blank\" rel=\"noopener\">M\u0101ori alphabet<\/a><\/strong><\/li><li>Sing along to the Te Taura Whiro i te Reo M\u0101ori <strong>\u2018<a href=\"https:\/\/open.spotify.com\/playlist\/5REACIoyxsgA07zGPTgxjd?si=OZTH36T9Quy_OtfSgTCrug\" target=\"_blank\" rel=\"noopener\">Te Wiki o te Reo M\u0101ori<\/a>\u2019<\/strong> playlist<\/li><li>Learn \u00a0<a href=\"https:\/\/www.maoritelevision.com\/shows\/iwi-anthems\" target=\"_blank\" rel=\"noopener\"><strong>iwi anthems<\/strong><\/a> from across the motu<\/li><li>Get a group together and sing an easy te reo song, see \u2019<strong><a href=\"https:\/\/www.youtube.com\/watch?v=fLq9xGxFGnQ\" target=\"_blank\" rel=\"noopener\">T\u016btira Mai\u2019<\/a>\u00a0\u2018<a href=\"https:\/\/www.youtube.com\/watch?v=uefJdSCkzPo\" target=\"_blank\" rel=\"noopener\">Te Aroha\u2019<\/a>\u00a0<a href=\"https:\/\/www.youtube.com\/watch?v=Z2ToGR1Sb98\" target=\"_blank\" rel=\"noopener\">\u2018National Anthem\u2019<\/a><\/strong><\/li><li>Do or teach lunchtime kapa haka<\/li><li>Popular New Zealand hits have now been translated into te reo!\u00a0<strong><a href=\"https:\/\/www.youtube.com\/watch?v=Sl-OmGyveiY&amp;list=OLAK5uy_nbYPEb4ExZ2NtXAUrGQYq86cnkU44ZIuE&amp;index=2\" target=\"_blank\" rel=\"noopener\">Waiata Anthems<\/a><\/strong> features the hit &#8216;<strong><a href=\"https:\/\/www.youtube.com\/watch?v=Sl-OmGyveiY&amp;list=OLAK5uy_nbYPEb4ExZ2NtXAUrGQYq86cnkU44ZIuE&amp;index=3\" target=\"_blank\" rel=\"noopener\">Kia Mau ki t\u014d \u016akaip\u014d<\/a><\/strong>&#8216; by Six60 and\u00a0<a href=\"https:\/\/www.youtube.com\/watch?v=0OpAN2j6Mug\" target=\"_blank\" rel=\"noopener\"><strong>Bathe in the River<\/strong><\/a> by Hollie Smith, now in te reo<\/li><li>Listen to some talented and incredible rangatahi sing gospel songs on <strong><a href=\"https:\/\/www.youtube.com\/watch?v=xEl7sFAYfjg\" target=\"_blank\" rel=\"noopener\">M\u014dhau &#8211; a Live Visual Album<\/a><\/strong><\/li><li>Dance and sing along to young talent, Atareta &amp; Te Haakura! Check out their smash song\u00a0<strong><a href=\"https:\/\/www.youtube.com\/watch?v=h5qc1dP8Nws\" target=\"_blank\" rel=\"noopener\">Pakipaki Mai<\/a><\/strong><\/li><li>If you have a young p\u0113pi, listen and sing along to this beautiful new lullaby\u00a0<a href=\"https:\/\/www.youtube.com\/watch?v=F3Z3SoSA8K8\"><strong>\u2018I te T\u014dnga o te R\u0101&#8217;<\/strong><\/a>\u00a0from Te Hiringa Hauora<\/li><\/ul><\/div>\n\t\t\t\t<\/div>\n\t\t\t\t\t\t\t<div class=\"elementor-accordion-item\">\n\t\t\t\t\t<div id=\"elementor-tab-title-5192\" class=\"elementor-tab-title\" data-tab=\"2\" role=\"button\" aria-controls=\"elementor-tab-content-5192\" aria-expanded=\"false\">\n\t\t\t\t\t\t\t\t\t\t\t\t\t<span class=\"elementor-accordion-icon elementor-accordion-icon-left\" aria-hidden=\"true\">\n\t\t\t\t\t\t\t\t\t\t\t\t\t\t\t<span class=\"elementor-accordion-icon-closed\"><i class=\"fas fa-caret-square-down\"><\/i><\/span>\n\t\t\t\t\t\t\t\t<span class=\"elementor-accordion-icon-opened\"><i class=\"fas fa-caret-square-up\"><\/i><\/span>\n\t\t\t\t\t\t\t\t\t\t\t\t\t\t<\/span>\n\t\t\t\t\t\t\t\t\t\t\t\t<a class=\"elementor-accordion-title\" tabindex=\"0\">Whakarongo | Listen<\/a>\n\t\t\t\t\t<\/div>\n\t\t\t\t\t<div id=\"elementor-tab-content-5192\" class=\"elementor-tab-content elementor-clearfix\" data-tab=\"2\" role=\"region\" aria-labelledby=\"elementor-tab-title-5192\"><ul><li>Listen to te reo M\u0101ori only for the day<\/li><li>Listen to the sounds of te reo M\u0101ori with <strong><a href=\"https:\/\/purarangi.twoa.ac.nz\/\">P\u016br\u0101rangi M\u0101ori<\/a><\/strong><\/li><li>Practice correct pronunciation with <strong><a href=\"https:\/\/twoa-creative-design.azurewebsites.net\/TARM2\/KA1\/TARM-KA1-M1-06\/\">Oropuare Oro<\/a><\/strong><\/li><li>Listen and learn how to say <strong><a href=\"https:\/\/twoa-creative-design.azurewebsites.net\/TARM2\/KA1\/TARM-KA1-M3-03\/\">mihimihi (greetings)<\/a> <\/strong>and <strong><a href=\"https:\/\/twoa-creative-design.azurewebsites.net\/TARM2\/KA1\/TARM-KA1-M3-07\/\">poroporoaki (farewells)<\/a><\/strong> in te reo M\u0101ori<\/li><li>Practice saying <strong><a href=\"https:\/\/twoa-creative-design.azurewebsites.net\/TARM2\/KA1\/TARM-KA1-M1-07\/\">Ingoa W\u0101hi (M\u0101ori place names<\/a><\/strong>) correctly with this interactive map<\/li><li>Play the\u00a0<strong><a href=\"https:\/\/open.spotify.com\/playlist\/5REACIoyxsgA07zGPTgxjd?si=OZTH36T9Quy_OtfSgTCrug\" target=\"_blank\" rel=\"noopener\">\u2018Te Wiki o te Reo M\u0101ori\u2019<\/a><\/strong>\u00a0playlist in your business or workplace for everyone to hear!<\/li><li><strong><a href=\"https:\/\/www.youtube.com\/watch?v=kQNo7YCCwzA\" target=\"_blank\" rel=\"noopener\">H\u0101ni Dread sings &#8216;Kokiri&#8217;<\/a><\/strong> in honour of the reo champions who marched to parliament to deliver the M\u0101ori Language Petition in 1972.\u00a0<\/li><li>Re-watch the M\u0101ori Language Commsission&#8217;s\u00a0<strong><a href=\"https:\/\/www.youtube.com\/watch?v=x0f5YHg4BE0&amp;list=PLaejzwGedzSnmUA6I9FjNRAyDvVCO0Emk\">Rarangatahi<\/a><\/strong> seminars where rangatahi M\u0101ori talk about their journey with te reo M\u0101ori<\/li><li>Listen to podcasts like <strong><a href=\"https:\/\/open.spotify.com\/show\/5q6p0JLtOh3Usm2TCmPhWk\">Taringa<\/a><\/strong> or <strong><a href=\"https:\/\/open.spotify.com\/show\/70Xc905drl0z3lK1AT0flB\">Everday M\u0101ori<\/a><\/strong> to sharpen your reo<\/li><li><strong><a href=\"https:\/\/open.spotify.com\/show\/6H8qXzV6tT1h91VLPzRl4u\">Back2Kura<\/a><\/strong> is a new podcast where two millennials are documenting their journey through a full immersion course<\/li><li>Download the <strong><a href=\"https:\/\/xn--wharekrero-v3b.nz\/privacy\/\">whare k\u014drero<\/a><\/strong> app to listen to M\u0101ori content from around the motu<\/li><li>Tune in to <strong><a href=\"https:\/\/www.maoritelevision.com\/\">M\u0101ori Television<\/a><\/strong><\/li><li>Listen to <strong><a href=\"https:\/\/www.youtube.com\/watch?v=3Wt7WGkhsDs\">Hinewehi Mohi<\/a> <\/strong>sing our national anthem in te reo M\u0101ori at the 1999 Rugby World Cup in England.<\/li><li>If you have a young p\u0113pi, play this beautiful new lullaby\u00a0<strong><a href=\"https:\/\/www.youtube.com\/watch?v=F3Z3SoSA8K8\">\u2018I te T\u014dnga o te R\u0101\u2019<\/a><\/strong>\u00a0from Te Hiringa Hauora<\/li><li>Listen to rangatahi from Ng\u0101ti Porou sing with Rob Ruha in their single &#8216;<strong><a href=\"https:\/\/www.youtube.com\/watch?v=jEOydUQXfl8\" target=\"_blank\" rel=\"noopener\">35<\/a><\/strong>&#8216;<\/li><li>Listen to the Waiata Anthems playlist, available on all platforms! Featuring hits &#8216;Kia Mau ki T\u014d \u016akaip\u014d \/ Don&#8217;t Forget Your Roots&#8217;, &#8216;K\u014drukutia \/ Bathe in the River&#8217;, &#8216;Karawhiua \/ 100&#8217; and more!<\/li><li>Hear\u00a0<strong><a href=\"https:\/\/www.victoria.ac.nz\/capital-thinking\/te-reo\" target=\"_blank\" rel=\"noopener\">Professor Rawinia Higgins<\/a><\/strong>\u00a0talk about the thinking behind the M\u0101ori Language Act 2016<\/li><li>Try one of these Rerenga Reo challenges from the Taringa podcast: <strong><a href=\"https:\/\/www.mahurumaori.com\/mao\/rerenga-reo-a-and-o-categories\/\">A and O Categories<\/a><\/strong>, <strong><a href=\"https:\/\/www.mahurumaori.com\/mao\/rerenga-reo-i-and-ki\/\">I and Ki<\/a><\/strong>, <strong><a href=\"https:\/\/www.mahurumaori.com\/mao\/random-rerenga-reo\/\">Random Rerenga Reo<\/a><\/strong>, or <strong><a href=\"https:\/\/www.mahurumaori.com\/mao\/rerenga-reo-intensifiers\/\">Intensifiers<\/a><\/strong>\u00a0<\/li><\/ul><\/div>\n\t\t\t\t<\/div>\n\t\t\t\t\t\t\t\t<\/div>\n\t\t\t\t\t\t<\/div>\n\t\t\t\t<\/div>\n\t\t\t\t<div class=\"elementor-element elementor-element-51f19171 elementor-widget elementor-widget-text-editor\" data-id=\"51f19171\" data-element_type=\"widget\" data-e-type=\"widget\" data-widget_type=\"text-editor.default\">\n\t\t\t\t<div class=\"elementor-widget-container\">\n\t\t\t\t\t\t\t\t\t<p>Thanks to the Te Taura Whiri i te Reo M\u0101ori team for collating and sharing these ideas. For more visit <a href=\"https:\/\/www.reomaori.co.nz\/ideas\" target=\"_blank\" rel=\"noopener\">www.reomaori.co.nz\/ideas<\/a><\/p>\t\t\t\t\t\t\t\t<\/div>\n\t\t\t\t<\/div>\n\t\t\t\t\t<\/div>\n\t\t<\/div>\n\t\t\t\t\t<\/div>\n\t\t<\/section>\n\t\t\t\t<section class=\"elementor-section elementor-top-section elementor-element elementor-element-0bc5a00 elementor-section-boxed elementor-section-height-default elementor-section-height-default\" data-id=\"0bc5a00\" data-element_type=\"section\" data-e-type=\"section\">\n\t\t\t\t\t\t<div class=\"elementor-container elementor-column-gap-default\">\n\t\t\t\t\t<div class=\"elementor-column elementor-col-100 elementor-top-column elementor-element elementor-element-c0d9ba7\" data-id=\"c0d9ba7\" data-element_type=\"column\" data-e-type=\"column\">\n\t\t\t<div class=\"elementor-widget-wrap\">\n\t\t\t\t\t\t\t<\/div>\n\t\t<\/div>\n\t\t\t\t\t<\/div>\n\t\t<\/section>\n\t\t\t\t<section class=\"elementor-section elementor-top-section elementor-element elementor-element-67b1decc elementor-section-boxed elementor-section-height-default elementor-section-height-default\" data-id=\"67b1decc\" data-element_type=\"section\" data-e-type=\"section\" data-settings=\"{&quot;background_background&quot;:&quot;classic&quot;}\">\n\t\t\t\t\t\t<div class=\"elementor-container elementor-column-gap-default\">\n\t\t\t\t\t<div class=\"elementor-column elementor-col-100 elementor-top-column elementor-element elementor-element-50389a92\" data-id=\"50389a92\" data-element_type=\"column\" data-e-type=\"column\">\n\t\t\t<div class=\"elementor-widget-wrap elementor-element-populated\">\n\t\t\t\t\t\t<div class=\"elementor-element elementor-element-39b982a9 elementor-widget elementor-widget-heading\" data-id=\"39b982a9\" data-element_type=\"widget\" data-e-type=\"widget\" data-widget_type=\"heading.default\">\n\t\t\t\t<div class=\"elementor-widget-container\">\n\t\t\t\t\t<h2 class=\"elementor-heading-title elementor-size-default\">Me rongo<\/h2>\t\t\t\t<\/div>\n\t\t\t\t<\/div>\n\t\t\t\t<div class=\"elementor-element elementor-element-2f4ce058 elementor-widget elementor-widget-image\" data-id=\"2f4ce058\" data-element_type=\"widget\" data-e-type=\"widget\" data-widget_type=\"image.default\">\n\t\t\t\t<div class=\"elementor-widget-container\">\n\t\t\t\t\t\t\t\t\t\t\t\t\t\t\t<img fetchpriority=\"high\" decoding=\"async\" width=\"296\" height=\"248\" src=\"\/wp-content\/uploads\/2021\/07\/taringa-logo.png\" class=\"attachment-large size-large wp-image-169\" alt=\"Taringa\" \/>\t\t\t\t\t\t\t\t\t\t\t\t\t\t\t<\/div>\n\t\t\t\t<\/div>\n\t\t\t\t<div class=\"elementor-element elementor-element-905c9a9 elementor-widget elementor-widget-text-editor\" data-id=\"905c9a9\" data-element_type=\"widget\" data-e-type=\"widget\" data-widget_type=\"text-editor.default\">\n\t\t\t\t<div class=\"elementor-widget-container\">\n\t\t\t\t\t\t\t\t\t<p style=\"text-align: center;\">Whakarongo ki a Taringa \u2013 listen to Taringa, a bilingual podcast brought to you by Te W\u0101nanga o Aotearoa.<\/p>\t\t\t\t\t\t\t\t<\/div>\n\t\t\t\t<\/div>\n\t\t\t\t<section class=\"elementor-section elementor-inner-section elementor-element elementor-element-2b1221f2 elementor-section-boxed elementor-section-height-default elementor-section-height-default\" data-id=\"2b1221f2\" data-element_type=\"section\" data-e-type=\"section\">\n\t\t\t\t\t\t<div class=\"elementor-container elementor-column-gap-default\">\n\t\t\t\t\t<div class=\"elementor-column elementor-col-50 elementor-inner-column elementor-element elementor-element-6eb154c6\" data-id=\"6eb154c6\" data-element_type=\"column\" data-e-type=\"column\">\n\t\t\t<div class=\"elementor-widget-wrap elementor-element-populated\">\n\t\t\t\t\t\t<div class=\"elementor-element elementor-element-356e198c elementor-align-right elementor-widget elementor-widget-button\" data-id=\"356e198c\" data-element_type=\"widget\" data-e-type=\"widget\" data-widget_type=\"button.default\">\n\t\t\t\t<div class=\"elementor-widget-container\">\n\t\t\t\t\t\t\t\t\t<div class=\"elementor-button-wrapper\">\n\t\t\t\t\t<a class=\"elementor-button elementor-button-link elementor-size-lg elementor-animation-grow\" href=\"https:\/\/www.taringapodcast.com\/\">\n\t\t\t\t\t\t<span class=\"elementor-button-content-wrapper\">\n\t\t\t\t\t\t\t\t\t<span class=\"elementor-button-text\">Listen to Taringa<\/span>\n\t\t\t\t\t<\/span>\n\t\t\t\t\t<\/a>\n\t\t\t\t<\/div>\n\t\t\t\t\t\t\t\t<\/div>\n\t\t\t\t<\/div>\n\t\t\t\t\t<\/div>\n\t\t<\/div>\n\t\t\t\t<div class=\"elementor-column elementor-col-50 elementor-inner-column elementor-element elementor-element-6cbbff64\" data-id=\"6cbbff64\" data-element_type=\"column\" data-e-type=\"column\">\n\t\t\t<div class=\"elementor-widget-wrap elementor-element-populated\">\n\t\t\t\t\t\t<div class=\"elementor-element elementor-element-7f248dba elementor-widget elementor-widget-button\" data-id=\"7f248dba\" data-element_type=\"widget\" data-e-type=\"widget\" data-widget_type=\"button.default\">\n\t\t\t\t<div class=\"elementor-widget-container\">\n\t\t\t\t\t\t\t\t\t<div class=\"elementor-button-wrapper\">\n\t\t\t\t\t<a class=\"elementor-button elementor-button-link elementor-size-lg elementor-animation-grow\" href=\"https:\/\/feed.podbean.com\/taringapodcast\/feed.xml\">\n\t\t\t\t\t\t<span class=\"elementor-button-content-wrapper\">\n\t\t\t\t\t\t\t\t\t<span class=\"elementor-button-text\">Subscribe to RSS feed<\/span>\n\t\t\t\t\t<\/span>\n\t\t\t\t\t<\/a>\n\t\t\t\t<\/div>\n\t\t\t\t\t\t\t\t<\/div>\n\t\t\t\t<\/div>\n\t\t\t\t\t<\/div>\n\t\t<\/div>\n\t\t\t\t\t<\/div>\n\t\t<\/section>\n\t\t\t\t\t<\/div>\n\t\t<\/div>\n\t\t\t\t\t<\/div>\n\t\t<\/section>\n\t\t\t\t<\/div>","protected":false},"excerpt":{"rendered":"<p>Me Rongo: Listen Waiata | Sing Learn and sing the\u00a0M\u0101ori alphabet Sing along to the Te Taura Whiro i te Reo M\u0101ori \u2018Te Wiki o te Reo M\u0101ori\u2019 playlist Learn \u00a0iwi anthems from across the motu Get a group together and sing an easy te reo song, see \u2019T\u016btira Mai\u2019\u00a0\u2018Te Aroha\u2019\u00a0\u2018National Anthem\u2019 Do or teach [&hellip;]<\/p>","protected":false},"author":4,"featured_media":0,"parent":0,"menu_order":0,"comment_status":"closed","ping_status":"closed","template":"elementor_header_footer","meta":{"footnotes":""},"class_list":["post-2948","page","type-page","status-publish","hentry"],"_links":{"self":[{"href":"https:\/\/www.mahurumaori.com\/mao\/wp-json\/wp\/v2\/pages\/2948","targetHints":{"allow":["GET"]}}],"collection":[{"href":"https:\/\/www.mahurumaori.com\/mao\/wp-json\/wp\/v2\/pages"}],"about":[{"href":"https:\/\/www.mahurumaori.com\/mao\/wp-json\/wp\/v2\/types\/page"}],"author":[{"embeddable":true,"href":"https:\/\/www.mahurumaori.com\/mao\/wp-json\/wp\/v2\/users\/4"}],"replies":[{"embeddable":true,"href":"https:\/\/www.mahurumaori.com\/mao\/wp-json\/wp\/v2\/comments?post=2948"}],"version-history":[{"count":22,"href":"https:\/\/www.mahurumaori.com\/mao\/wp-json\/wp\/v2\/pages\/2948\/revisions"}],"predecessor-version":[{"id":3971,"href":"https:\/\/www.mahurumaori.com\/mao\/wp-json\/wp\/v2\/pages\/2948\/revisions\/3971"}],"wp:attachment":[{"href":"https:\/\/www.mahurumaori.com\/mao\/wp-json\/wp\/v2\/media?parent=2948"}],"curies":[{"name":"wp","href":"https:\/\/api.w.org\/{rel}","templated":true}]}}