{"id":2974,"date":"2022-07-21T22:53:31","date_gmt":"2022-07-21T22:53:31","guid":{"rendered":"https:\/\/www.mahurumaori.com\/?page_id=2974"},"modified":"2024-08-16T01:21:43","modified_gmt":"2024-08-16T01:21:43","slug":"me-korero","status":"publish","type":"page","link":"https:\/\/www.mahurumaori.com\/mao\/me-korero\/","title":{"rendered":"Me K\u014drero"},"content":{"rendered":"<div data-elementor-type=\"wp-page\" data-elementor-id=\"2974\" class=\"elementor elementor-2974\" data-elementor-post-type=\"page\">\n\t\t\t\t\t\t<section class=\"elementor-section elementor-top-section elementor-element elementor-element-66eb7ec elementor-section-boxed elementor-section-height-default elementor-section-height-default\" data-id=\"66eb7ec\" data-element_type=\"section\" data-e-type=\"section\">\n\t\t\t\t\t\t<div class=\"elementor-container elementor-column-gap-default\">\n\t\t\t\t\t<div class=\"elementor-column elementor-col-100 elementor-top-column elementor-element elementor-element-2f20a05\" data-id=\"2f20a05\" data-element_type=\"column\" data-e-type=\"column\">\n\t\t\t<div class=\"elementor-widget-wrap elementor-element-populated\">\n\t\t\t\t\t\t<div class=\"elementor-element elementor-element-a39ba8b elementor-widget elementor-widget-heading\" data-id=\"a39ba8b\" data-element_type=\"widget\" data-e-type=\"widget\" data-no-translation=\"\" data-widget_type=\"heading.default\">\n\t\t\t\t<div class=\"elementor-widget-container\">\n\t\t\t\t\t<style>.elementor-element-a39ba8b{display:none !important}<\/style>\t\t\t\t<\/div>\n\t\t\t\t<\/div>\n\t\t\t\t<div class=\"elementor-element elementor-element-7080498 elementor-widget elementor-widget-heading\" data-id=\"7080498\" data-element_type=\"widget\" data-e-type=\"widget\" data-no-translation=\"\" data-widget_type=\"heading.default\">\n\t\t\t\t<div class=\"elementor-widget-container\">\n\t\t\t\t\t<style>.elementor-element-7080498{display:none !important}<\/style>\t\t\t\t<\/div>\n\t\t\t\t<\/div>\n\t\t\t\t\t<\/div>\n\t\t<\/div>\n\t\t\t\t\t<\/div>\n\t\t<\/section>\n\t\t\t\t<section class=\"elementor-section elementor-top-section elementor-element elementor-element-453b948e elementor-section-boxed elementor-section-height-default elementor-section-height-default\" data-id=\"453b948e\" data-element_type=\"section\" data-e-type=\"section\">\n\t\t\t\t\t\t<div class=\"elementor-container elementor-column-gap-default\">\n\t\t\t\t\t<div class=\"elementor-column elementor-col-100 elementor-top-column elementor-element elementor-element-67d64e5d\" data-id=\"67d64e5d\" data-element_type=\"column\" data-e-type=\"column\">\n\t\t\t<div class=\"elementor-widget-wrap elementor-element-populated\">\n\t\t\t\t\t\t<div class=\"elementor-element elementor-element-3e11908c elementor-widget elementor-widget-accordion\" data-id=\"3e11908c\" data-element_type=\"widget\" data-e-type=\"widget\" data-widget_type=\"accordion.default\">\n\t\t\t\t<div class=\"elementor-widget-container\">\n\t\t\t\t\t\t\t<div class=\"elementor-accordion\">\n\t\t\t\t\t\t\t<div class=\"elementor-accordion-item\">\n\t\t\t\t\t<div id=\"elementor-tab-title-1041\" class=\"elementor-tab-title\" data-tab=\"1\" role=\"button\" aria-controls=\"elementor-tab-content-1041\" aria-expanded=\"false\">\n\t\t\t\t\t\t\t\t\t\t\t\t\t<span class=\"elementor-accordion-icon elementor-accordion-icon-left\" aria-hidden=\"true\">\n\t\t\t\t\t\t\t\t\t\t\t\t\t\t\t<span class=\"elementor-accordion-icon-closed\"><i class=\"fas fa-caret-square-down\"><\/i><\/span>\n\t\t\t\t\t\t\t\t<span class=\"elementor-accordion-icon-opened\"><i class=\"fas fa-caret-square-up\"><\/i><\/span>\n\t\t\t\t\t\t\t\t\t\t\t\t\t\t<\/span>\n\t\t\t\t\t\t\t\t\t\t\t\t<a class=\"elementor-accordion-title\" tabindex=\"0\">K\u014drero | Speak<\/a>\n\t\t\t\t\t<\/div>\n\t\t\t\t\t<div id=\"elementor-tab-content-1041\" class=\"elementor-tab-content elementor-clearfix\" data-tab=\"1\" role=\"region\" aria-labelledby=\"elementor-tab-title-1041\"><ul><li>Practice correct pronunciation with the <strong><a href=\"https:\/\/purarangi.twoa.ac.nz\/\">P\u016br\u0101rangi M\u0101ori<\/a><\/strong> and <strong><a href=\"https:\/\/twoa-creative-design.azurewebsites.net\/TARM2\/KA1\/TARM-KA1-M1-06\/\">Oropuare Oro<\/a><\/strong> online interactives<\/li><li>Make &#8216;kia ora&#8217; your first choice of greeting to everyone you speak to. If you&#8217;re on TikTok, watch <a href=\"https:\/\/vm.tiktok.com\/ZSJvaMcVY\/\" target=\"_blank\" rel=\"noopener\"><strong>Sonny explain the beauty of kia ora<\/strong><\/a>!<\/li><li>Or, try your hand at any of these <strong><a href=\"https:\/\/twoa-creative-design.azurewebsites.net\/TARM2\/KA1\/TARM-KA1-M3-03\/\">mihimihi (greetings)<\/a><\/strong> or <strong><a href=\"https:\/\/twoa-creative-design.azurewebsites.net\/TARM2\/KA1\/TARM-KA1-M3-07\/\">poroporoaki (farewells)<\/a><\/strong><\/li><li>Learn how to pronounce <strong><a href=\"https:\/\/twoa-creative-design.azurewebsites.net\/TARM2\/KA1\/TARM-KA1-M1-07\/\">Ingoa W\u0101hi (M\u0101ori place names)<\/a><\/strong> correctly and start using them every day<\/li><li>Open your moment with a <a href=\"https:\/\/www.reomaori.co.nz\/learn_kaikohau\" target=\"_blank\" rel=\"noopener\"><strong>kaik\u014dhau<\/strong><\/a> (expression of hope)<\/li><li>Learn and use <strong><a href=\"https:\/\/www.reomaori.co.nz\/learn_your_mihi\" target=\"_blank\" rel=\"noopener\">#MyMihi<\/a><\/strong> to introduce yourself to anyone new, or try one of these <strong><a href=\"https:\/\/www.mahurumaori.com\/mao\/pepeha-challenges\/\">Pepeha Challenges<\/a><\/strong><\/li><li>Prepare your wh\u0101nau, friends or workplace to speak te reo M\u0101ori for the hour<\/li><li>Open your news bulletin with te reo M\u0101ori<\/li><li>Host a \u2018<strong><a href=\"https:\/\/www.facebook.com\/groups\/435536327285395\" target=\"_blank\" rel=\"noopener\">K\u014drero Kai<\/a><\/strong>\u2019 for lunch where you only speak in te reo M\u0101ori<\/li><li>Start lunch off with a\u00a0<strong><a href=\"https:\/\/www.youtube.com\/playlist?list=PL6B9BBC669E894E3D\" target=\"_blank\" rel=\"noopener\">karakia for kai<\/a><\/strong><\/li><li><a href=\"https:\/\/www.reomaori.co.nz\/kawhe-card\" target=\"_blank\" rel=\"noopener\"><strong>Order your coffee<\/strong><\/a>\u00a0in te reo M\u0101ori<\/li><li>Set a \u2018reo M\u0101ori only\u2019 zone within your workplace or home<\/li><li>Set a time where your wh\u0101nau or workplace only speak te reo (i.e. 1-2pm)<\/li><li>Call a mate or 2 and have a k\u014drero in te reo M\u0101ori<\/li><li>Play games using only te reo M\u0101ori, like <strong><a href=\"https:\/\/www.mahurumaori.com\/mao\/mahuru-fortnite\/\">these gamers did with Fortnite<\/a><\/strong><\/li><\/ul><\/div>\n\t\t\t\t<\/div>\n\t\t\t\t\t\t\t<div class=\"elementor-accordion-item\">\n\t\t\t\t\t<div id=\"elementor-tab-title-1042\" class=\"elementor-tab-title\" data-tab=\"2\" role=\"button\" aria-controls=\"elementor-tab-content-1042\" aria-expanded=\"false\">\n\t\t\t\t\t\t\t\t\t\t\t\t\t<span class=\"elementor-accordion-icon elementor-accordion-icon-left\" aria-hidden=\"true\">\n\t\t\t\t\t\t\t\t\t\t\t\t\t\t\t<span class=\"elementor-accordion-icon-closed\"><i class=\"fas fa-caret-square-down\"><\/i><\/span>\n\t\t\t\t\t\t\t\t<span class=\"elementor-accordion-icon-opened\"><i class=\"fas fa-caret-square-up\"><\/i><\/span>\n\t\t\t\t\t\t\t\t\t\t\t\t\t\t<\/span>\n\t\t\t\t\t\t\t\t\t\t\t\t<a class=\"elementor-accordion-title\" tabindex=\"0\">Waiata | Sing<\/a>\n\t\t\t\t\t<\/div>\n\t\t\t\t\t<div id=\"elementor-tab-content-1042\" class=\"elementor-tab-content elementor-clearfix\" data-tab=\"2\" role=\"region\" aria-labelledby=\"elementor-tab-title-1042\"><ul><li>Learn and sing the\u00a0<strong><a href=\"https:\/\/purarangi.twoa.ac.nz\/?fbclid=IwAR1LZ9u-KusBwdNvhUJF0g0aBV4DSne_AJ0-f-W0A2v3BgWDWhrOSQ52Q88\" target=\"_blank\" rel=\"noopener\">M\u0101ori alphabet<\/a><\/strong><\/li><li>Sing along to the Te Taura Whiro i te Reo M\u0101ori <strong>\u2018<a href=\"https:\/\/open.spotify.com\/playlist\/5REACIoyxsgA07zGPTgxjd?si=OZTH36T9Quy_OtfSgTCrug\" target=\"_blank\" rel=\"noopener\">Te Wiki o te Reo M\u0101ori<\/a>\u2019<\/strong> playlist<\/li><li>Learn \u00a0<a href=\"https:\/\/www.maoritelevision.com\/shows\/iwi-anthems\" target=\"_blank\" rel=\"noopener\"><strong>iwi anthems<\/strong><\/a> from across the motu<\/li><li>Get a group together and sing an easy te reo song, see \u2019<strong><a href=\"https:\/\/www.youtube.com\/watch?v=fLq9xGxFGnQ\" target=\"_blank\" rel=\"noopener\">T\u016btira Mai\u2019<\/a>\u00a0\u2018<a href=\"https:\/\/www.youtube.com\/watch?v=uefJdSCkzPo\" target=\"_blank\" rel=\"noopener\">Te Aroha\u2019<\/a>\u00a0<a href=\"https:\/\/www.youtube.com\/watch?v=Z2ToGR1Sb98\" target=\"_blank\" rel=\"noopener\">\u2018National Anthem\u2019<\/a><\/strong><\/li><li>Do or teach lunchtime kapa haka<\/li><li>Popular New Zealand hits have now been translated into te reo!\u00a0<strong><a href=\"https:\/\/www.youtube.com\/watch?v=Sl-OmGyveiY&amp;list=OLAK5uy_nbYPEb4ExZ2NtXAUrGQYq86cnkU44ZIuE&amp;index=2\" target=\"_blank\" rel=\"noopener\">Waiata Anthems<\/a><\/strong> features the hit &#8216;<strong><a href=\"https:\/\/www.youtube.com\/watch?v=Sl-OmGyveiY&amp;list=OLAK5uy_nbYPEb4ExZ2NtXAUrGQYq86cnkU44ZIuE&amp;index=3\" target=\"_blank\" rel=\"noopener\">Kia Mau ki t\u014d \u016akaip\u014d<\/a><\/strong>&#8216; by Six60 and\u00a0<a href=\"https:\/\/www.youtube.com\/watch?v=0OpAN2j6Mug\" target=\"_blank\" rel=\"noopener\"><strong>Bathe in the River<\/strong><\/a> by Hollie Smith, now in te reo<\/li><li>Listen to some talented and incredible rangatahi sing gospel songs on <strong><a href=\"https:\/\/www.youtube.com\/watch?v=xEl7sFAYfjg\" target=\"_blank\" rel=\"noopener\">M\u014dhau &#8211; a Live Visual Album<\/a><\/strong><\/li><li>Dance and sing along to young talent, Atareta &amp; Te Haakura! Check out their smash song\u00a0<strong><a href=\"https:\/\/www.youtube.com\/watch?v=h5qc1dP8Nws\" target=\"_blank\" rel=\"noopener\">Pakipaki Mai<\/a><\/strong><\/li><li>If you have a young p\u0113pi, listen and sing along to this beautiful new lullaby\u00a0<a href=\"https:\/\/www.youtube.com\/watch?v=F3Z3SoSA8K8\"><strong>\u2018I te T\u014dnga o te R\u0101&#8217;<\/strong><\/a>\u00a0from Te Hiringa Hauora<\/li><\/ul><\/div>\n\t\t\t\t<\/div>\n\t\t\t\t\t\t\t\t<\/div>\n\t\t\t\t\t\t<\/div>\n\t\t\t\t<\/div>\n\t\t\t\t<div class=\"elementor-element elementor-element-716c3ca0 elementor-widget elementor-widget-text-editor\" data-id=\"716c3ca0\" data-element_type=\"widget\" data-e-type=\"widget\" data-widget_type=\"text-editor.default\">\n\t\t\t\t<div class=\"elementor-widget-container\">\n\t\t\t\t\t\t\t\t\t<p>Thanks to the Te Taura Whiri i te Reo M\u0101ori team for collating and sharing these ideas. For more visit <a href=\"https:\/\/www.reomaori.co.nz\/ideas\" target=\"_blank\" rel=\"noopener\">www.reomaori.co.nz\/ideas<\/a><\/p>\t\t\t\t\t\t\t\t<\/div>\n\t\t\t\t<\/div>\n\t\t\t\t\t<\/div>\n\t\t<\/div>\n\t\t\t\t\t<\/div>\n\t\t<\/section>\n\t\t\t\t<\/div>","protected":false},"excerpt":{"rendered":"<p>K\u014drero | Speak Practice correct pronunciation with the P\u016br\u0101rangi M\u0101ori and Oropuare Oro online interactives Make &#8216;kia ora&#8217; your first choice of greeting to everyone you speak to. If you&#8217;re on TikTok, watch Sonny explain the beauty of kia ora! Or, try your hand at any of these mihimihi (greetings) or poroporoaki (farewells) Learn how [&hellip;]<\/p>","protected":false},"author":4,"featured_media":0,"parent":0,"menu_order":0,"comment_status":"closed","ping_status":"closed","template":"page-templates\/template-pagebuilder-full-width.php","meta":{"footnotes":""},"class_list":["post-2974","page","type-page","status-publish","hentry"],"_links":{"self":[{"href":"https:\/\/www.mahurumaori.com\/mao\/wp-json\/wp\/v2\/pages\/2974","targetHints":{"allow":["GET"]}}],"collection":[{"href":"https:\/\/www.mahurumaori.com\/mao\/wp-json\/wp\/v2\/pages"}],"about":[{"href":"https:\/\/www.mahurumaori.com\/mao\/wp-json\/wp\/v2\/types\/page"}],"author":[{"embeddable":true,"href":"https:\/\/www.mahurumaori.com\/mao\/wp-json\/wp\/v2\/users\/4"}],"replies":[{"embeddable":true,"href":"https:\/\/www.mahurumaori.com\/mao\/wp-json\/wp\/v2\/comments?post=2974"}],"version-history":[{"count":49,"href":"https:\/\/www.mahurumaori.com\/mao\/wp-json\/wp\/v2\/pages\/2974\/revisions"}],"predecessor-version":[{"id":3986,"href":"https:\/\/www.mahurumaori.com\/mao\/wp-json\/wp\/v2\/pages\/2974\/revisions\/3986"}],"wp:attachment":[{"href":"https:\/\/www.mahurumaori.com\/mao\/wp-json\/wp\/v2\/media?parent=2974"}],"curies":[{"name":"wp","href":"https:\/\/api.w.org\/{rel}","templated":true}]}}